{"id":137,"date":"2019-10-29T17:32:30","date_gmt":"2019-10-29T16:32:30","guid":{"rendered":"https:\/\/csf.ensma.fr\/?page_id=137"},"modified":"2022-08-15T16:20:25","modified_gmt":"2022-08-15T14:20:25","slug":"projet-senegal","status":"publish","type":"page","link":"https:\/\/csf.ensma.fr\/?page_id=137","title":{"rendered":"Projet S\u00e9n\u00e9gal"},"content":{"rendered":"\n<p><\/p>\n\n\n\n<p class=\"has-normal-font-size\">Etudiants en \u00e9cole d\u2019ing\u00e9nieur et d\u00e9sireux de donner une nouvelle teinte \u00e0 notre formation, nous avons d\u00e9cid\u00e9 de nous lancer dans un projet solidaire d\u2019aide au d\u00e9veloppement. Celui-ci consiste \u00e0 apporter notre soutien \u00e0 la communaut\u00e9 rurale de Boulal au S\u00e9n\u00e9gal. Une \u00e9quipe d\u2019\u00e9tudiants s\u2019est rendue sur place en janvier 2020 pour identifier les besoins des populations locales et les enjeux de d\u00e9veloppement.<\/p>\n\n\n\n<figure class=\"wp-block-embed is-type-video is-provider-facebook wp-block-embed-facebook\"><div class=\"wp-block-embed__wrapper\">\nhttps:\/\/www.facebook.com\/clubsansfrontiere\/videos\/2976579355707368\/\n<\/div><\/figure>\n\n\n\n<p class=\"has-normal-font-size\">Cette communaut\u00e9 rassemble de formidables personnes, motiv\u00e9es \u00e0 prendre en main leur destin et faire \u00e9voluer leur quotidien. Les objectifs de ces populations sont d\u2019am\u00e9liorer<strong> l\u2019\u00e9ducation de leurs jeunes<\/strong>, de faciliter<strong> l\u2019acc\u00e8s \u00e0 l\u2019eau <\/strong>et<strong> \u00e0 l\u2019\u00e9lectricit\u00e9<\/strong>, de renforcer leur <strong>syst\u00e8me de sant\u00e9<\/strong>, et de <strong>se d\u00e9velopper \u00e9conomiquement<\/strong>.&nbsp;<\/p>\n\n\n\n<p class=\"has-normal-font-size\">Dans cette perspective, nous projetons d\u2019articuler notre mission autour de six champs d\u2019actions essentiels&nbsp;:<\/p>\n\n\n\n<ul><li><a href=\"https:\/\/csf.ensma.fr\/?page_id=762\">Syst\u00e8me de stockage laitier<\/a> <\/li><li><a href=\"https:\/\/csf.ensma.fr\/?page_id=313\">\u00c9oliennes individuelles<\/a> <\/li><li><a href=\"https:\/\/csf.ensma.fr\/?page_id=768\">R\u00e9seau hydraulique<\/a> <\/li><li><a href=\"https:\/\/csf.ensma.fr\/?page_id=774\">Activit\u00e9s p\u00e9dagogiques<\/a> <\/li><li><a href=\"https:\/\/csf.ensma.fr\/?page_id=772\">Mara\u00eechage<\/a> <\/li><li><a href=\"https:\/\/csf.ensma.fr\/?page_id=764\">Collectes<\/a> <\/li><\/ul>\n\n\n\n<p class=\"has-normal-font-size\">Pour mener \u00e0 bien ces actions, nous avons cr\u00e9\u00e9 l\u2019<strong>association<\/strong> loi 1901 <strong>Adia<\/strong>. Ce nom est une r\u00e9f\u00e9rence \u00e0 la d\u00e9tentrice du secret du lait dans la cosmogonie Peul, l\u2019ethnie majoritaire sah\u00e9lienne, dont font partie les habitants de Boulal.<\/p>\n\n\n<div class=\"wp-block-image\">\n<figure class=\"aligncenter size-large\"><img decoding=\"async\" loading=\"lazy\" width=\"1024\" height=\"576\" src=\"https:\/\/csf.ensma.fr\/wp-content\/uploads\/2020\/05\/Pr\u00e9sentation-1024x576.png\" alt=\"\" class=\"wp-image-895\" srcset=\"https:\/\/csf.ensma.fr\/wp-content\/uploads\/2020\/05\/Pr\u00e9sentation-1024x576.png 1024w, https:\/\/csf.ensma.fr\/wp-content\/uploads\/2020\/05\/Pr\u00e9sentation-300x169.png 300w, https:\/\/csf.ensma.fr\/wp-content\/uploads\/2020\/05\/Pr\u00e9sentation-768x432.png 768w, https:\/\/csf.ensma.fr\/wp-content\/uploads\/2020\/05\/Pr\u00e9sentation-1536x864.png 1536w, https:\/\/csf.ensma.fr\/wp-content\/uploads\/2020\/05\/Pr\u00e9sentation.png 2048w\" sizes=\"(max-width: 1024px) 100vw, 1024px\" \/><\/figure><\/div>\n\n\n<p class=\"has-normal-font-size\">Si vous voulez en apprendre un peu plus sur ce que nous projetons de mettre en place, ou simplement vous laisser guider par votre curiosit\u00e9, n\u2019h\u00e9sitez pas \u00e0 consulter les diff\u00e9rentes sections du projet&nbsp;!<\/p>\n","protected":false},"excerpt":{"rendered":"<p>Etudiants en \u00e9cole d\u2019ing\u00e9nieur et d\u00e9sireux de donner une nouvelle teinte \u00e0 notre formation, nous avons d\u00e9cid\u00e9 de nous lancer dans un projet solidaire d\u2019aide au d\u00e9veloppement. Celui-ci consiste \u00e0 apporter notre soutien \u00e0 la communaut\u00e9 rurale de Boulal au <a class=\"more-link\" href=\"https:\/\/csf.ensma.fr\/?page_id=137\">En savoir plus&#8230;<\/a><\/p>\n","protected":false},"author":1,"featured_media":895,"parent":0,"menu_order":0,"comment_status":"open","ping_status":"closed","template":"","meta":{"_mi_skip_tracking":false,"_monsterinsights_sitenote_active":false,"_monsterinsights_sitenote_note":"","_monsterinsights_sitenote_category":0},"aioseo_notices":[],"_links":{"self":[{"href":"https:\/\/csf.ensma.fr\/index.php?rest_route=\/wp\/v2\/pages\/137"}],"collection":[{"href":"https:\/\/csf.ensma.fr\/index.php?rest_route=\/wp\/v2\/pages"}],"about":[{"href":"https:\/\/csf.ensma.fr\/index.php?rest_route=\/wp\/v2\/types\/page"}],"author":[{"embeddable":true,"href":"https:\/\/csf.ensma.fr\/index.php?rest_route=\/wp\/v2\/users\/1"}],"replies":[{"embeddable":true,"href":"https:\/\/csf.ensma.fr\/index.php?rest_route=%2Fwp%2Fv2%2Fcomments&post=137"}],"version-history":[{"count":30,"href":"https:\/\/csf.ensma.fr\/index.php?rest_route=\/wp\/v2\/pages\/137\/revisions"}],"predecessor-version":[{"id":2121,"href":"https:\/\/csf.ensma.fr\/index.php?rest_route=\/wp\/v2\/pages\/137\/revisions\/2121"}],"wp:featuredmedia":[{"embeddable":true,"href":"https:\/\/csf.ensma.fr\/index.php?rest_route=\/wp\/v2\/media\/895"}],"wp:attachment":[{"href":"https:\/\/csf.ensma.fr\/index.php?rest_route=%2Fwp%2Fv2%2Fmedia&parent=137"}],"curies":[{"name":"wp","href":"https:\/\/api.w.org\/{rel}","templated":true}]}}