{"id":412,"date":"2020-01-28T00:00:25","date_gmt":"2020-01-27T23:00:25","guid":{"rendered":"https:\/\/csf.ensma.fr\/?page_id=412"},"modified":"2020-05-29T23:56:57","modified_gmt":"2020-05-29T21:56:57","slug":"les-ascensions","status":"publish","type":"page","link":"https:\/\/csf.ensma.fr\/?page_id=412","title":{"rendered":"Les ascensions"},"content":{"rendered":"\n<h2 class=\"wp-block-heading\">L\u2019alpinisme\u00a0: un projet pr\u00e9vu sur 5 ans<\/h2>\n\n\n\n<p>Cette partie du projet va int\u00e9gralement \u00eatre r\u00e9alis\u00e9e par Camilo et Thomas, les membres du CSF ne participeront donc pas aux ascensions qui vont \u00eatre cit\u00e9es ci-apr\u00e8s, ces derni\u00e8res n\u00e9cessitant beaucoup d\u2019exp\u00e9rience dans l\u2019alpinisme.<\/p>\n\n\n\n<p>Dans ce projet de gravir la plus haute montagne de chaque continent sans prendre l\u2019avion, il a \u00e9t\u00e9 n\u00e9cessaire de mettre une coh\u00e9rence dans l\u2019ordre des sommets vis\u00e9s. L\u2019objectif est donc de monter en difficult\u00e9 au fur et \u00e0 mesure du projet. <\/p>\n\n\n\n<p>La difficult\u00e9 peut se r\u00e9partir en trois cat\u00e9gories majeures :&nbsp;<\/p>\n\n\n\n<ul><li>L\u2019altitude du sommet&nbsp;<\/li><li>La technicit\u00e9 de la montagne<\/li><li>La logistique du voyage pour aller jusqu\u2019\u00e0 la montagne&nbsp;<\/li><\/ul>\n\n\n\n<p>Afin d\u2019\u00e9tablir l\u2019ordre le plus coh\u00e9rent possible, ils se sont donc appuy\u00e9s sur ces trois cat\u00e9gories et ont attribu\u00e9s une note de 1 \u00e0 4 pour chacune d\u2019entre elles :<\/p>\n\n\n\n<figure class=\"wp-block-table is-style-stripes\"><table><thead><tr><th>Ordre<\/th><th>Sommet<\/th><th>Altitude<\/th><th>Technicit\u00e9<\/th><th>Logistique<\/th><\/tr><\/thead><tbody><tr><td>1<\/td><td>Elbrouz<\/td><td>2<\/td><td>2<\/td><td>1<\/td><\/tr><tr><td>2<\/td><td>Kilimandjaro<\/td><td>2<\/td><td>2<\/td><td>2<\/td><\/tr><tr><td>3<\/td><td>Denali<\/td><td>3<\/td><td>4<\/td><td>3<\/td><\/tr><tr><td>4<\/td><td>Everest<\/td><td>4<\/td><td>3<\/td><td>2<\/td><\/tr><tr><td>5<\/td><td>Aconcagua<\/td><td>3<\/td><td>2<\/td><td>4<\/td><\/tr><tr><td>6<\/td><td>Vinson<\/td><td>2<\/td><td>3<\/td><td>4<\/td><\/tr><tr><td>7<\/td><td>Koscusko<\/td><td>1<\/td><td>1<\/td><td>4<\/td><\/tr><tr><td>8<\/td><td>Pyramides de Cartensz<\/td><td>2<\/td><td>2<\/td><td>4<\/td><\/tr><\/tbody><\/table><\/figure>\n\n\n\n<div class=\"wp-block-image\"><figure class=\"alignright size-large is-resized\"><img decoding=\"async\" loading=\"lazy\" src=\"https:\/\/csf.ensma.fr\/wp-content\/uploads\/2020\/05\/planning_ascensions.jpg\" alt=\"\" class=\"wp-image-1033\" width=\"370\" height=\"751\" srcset=\"https:\/\/csf.ensma.fr\/wp-content\/uploads\/2020\/05\/planning_ascensions.jpg 273w, https:\/\/csf.ensma.fr\/wp-content\/uploads\/2020\/05\/planning_ascensions-148x300.jpg 148w\" sizes=\"(max-width: 370px) 100vw, 370px\" \/><\/figure><\/div>\n\n\n\n<p>Ainsi, Camilo et Thomas ont d\u00e9cid\u00e9 de commencer par l\u2019Elbrouz, sommet peu technique et dont la logistique \u00e9tait relativement simple. Ils vont ensuite entamer l\u2019ascension du Kilimandjaro dont l\u2019ascension est peu difficile mais dont la logistique pour s\u2019y rendre est relativement compliqu\u00e9e et plus longue que pour l\u2018Elbrouz. Ces deux premiers sommets sont l\u2019opportunit\u00e9 de se roder.<\/p>\n\n\n\n<p>Ils enchaineront ensuite avec le Denali dont la logistique va \u00eatre bien plus compliqu\u00e9 puisque cela inclura une partie en bateau et une autre en v\u00e9lo. Fort de leur exp\u00e9rience des deux ascensions pr\u00e9c\u00e9dentes ils auront appris \u00e0 se conna\u00eetre sur la partie nutrition ainsi que sur le mat\u00e9riel dont chacun a besoin pour les ascensions (m\u00eame si ces derniers font r\u00e9guli\u00e8rement des ascensions ensemble pour travailler ces points).<\/p>\n\n\n\n<p>Dans un quatri\u00e8me temps ils entameront l\u2019Everest. La logistique sera simple et la montagne relativement peu technique. Mais l\u2019altitude sera un point tr\u00e8s compliqu\u00e9. Deux ann\u00e9es seront donc n\u00e9cessaire pour travailler l\u2019acclimatation de mani\u00e8re tr\u00e8s s\u00e9rieuse pour y arriver. \u00c0 savoir qu\u2019ils pr\u00e9voient de passer une saison enti\u00e8re sur ce site pour s\u2019assurer d\u2019avoir une acclimatation optimum.&nbsp;<\/p>\n\n\n\n<p>Enfin, les autres montagnes se feront d\u2019une seule traite. Ici, le v\u00e9ritable d\u00e9fi sera la logistique. Pour cela, ils pourront s\u2019appuyer sur leurs exp\u00e9riences pr\u00e9c\u00e9dentes ainsi que sur l\u2019exp\u00e9rience de Loup Sup\u00e9ry pour sa connaissance de l\u2019antarctique pour les guider.&nbsp;<\/p>\n\n\n\n<p>Voici le planning qui a \u00e9t\u00e9 convenu (en raison de la crise sanitaire du COVID-19, il est possible que ce dernier soit amen\u00e9 \u00e0 \u00eatre modifi\u00e9, notamment pour le Kilimandjaro) :<\/p>\n\n\n\n<div style=\"height:50px\" aria-hidden=\"true\" class=\"wp-block-spacer\"><\/div>\n\n\n\n<h2 class=\"wp-block-heading\">Le Mont Elbrus<\/h2>\n\n\n\n<p class=\"has-normal-font-size\">Le d\u00e9fi a commenc\u00e9 cette ann\u00e9e (2019) avec le mont Elbrus. Situ\u00e9 dans le nord du Caucase, en Russie, il est le point culminant de cette cha\u00eene de montagnes. Avec ses 5&nbsp;642&nbsp;m\u00e8tres, il est \u00e9galement le plus haut sommet d&#8217;Europe.<\/p>\n\n\n\n<div class=\"wp-block-columns is-layout-flex wp-container-3\">\n<div class=\"wp-block-column is-layout-flow\" style=\"flex-basis:44.8%\">\n<figure class=\"wp-block-image size-full\"><img decoding=\"async\" loading=\"lazy\" width=\"621\" height=\"800\" src=\"https:\/\/csf.ensma.fr\/wp-content\/uploads\/2020\/02\/mont_elbrous.png\" alt=\"\" class=\"wp-image-485\" srcset=\"https:\/\/csf.ensma.fr\/wp-content\/uploads\/2020\/02\/mont_elbrous.png 621w, https:\/\/csf.ensma.fr\/wp-content\/uploads\/2020\/02\/mont_elbrous-233x300.png 233w\" sizes=\"(max-width: 621px) 100vw, 621px\" \/><\/figure>\n<\/div>\n\n\n\n<div class=\"wp-block-column is-layout-flow\" style=\"flex-basis:59.5%\">\n<p class=\"has-normal-font-size\">Le d\u00e9part s&#8217;est effectu\u00e9 le 3 Juillet, en train et en bateau jusqu\u2019\u00e0 Tbilissi en Georgie. La suite du voyage s&#8217;est d\u00e9roul\u00e9 comme suit :<\/p>\n\n\n\n<p class=\"has-normal-font-size\">Du 7 Juillet au 11 Juillet : Acclimatation avec ascension du troisi\u00e8me plus haut sommet g\u00e9orgien (septi\u00e8me du caucase), le Kazbek.<\/p>\n\n\n\n<p class=\"has-normal-font-size\">Du 12 au 18 Juillet : Ascension de l\u2019Elbrus, 5642m, par le versant Nord. On choisit le versant Nord pour \u00e9viter les remont\u00e9es m\u00e9caniques du versant Sud.<\/p>\n\n\n\n<p class=\"has-normal-font-size\">Du 19 Juillet retour en France : transport en train et bateau.<\/p>\n<\/div>\n<\/div>\n","protected":false},"excerpt":{"rendered":"<p>L\u2019alpinisme\u00a0: un projet pr\u00e9vu sur 5 ans Cette partie du projet va int\u00e9gralement \u00eatre r\u00e9alis\u00e9e par Camilo et Thomas, les membres du CSF ne participeront donc pas aux ascensions qui vont \u00eatre cit\u00e9es ci-apr\u00e8s, ces derni\u00e8res n\u00e9cessitant beaucoup d\u2019exp\u00e9rience dans <a class=\"more-link\" href=\"https:\/\/csf.ensma.fr\/?page_id=412\">En savoir plus&#8230;<\/a><\/p>\n","protected":false},"author":2,"featured_media":0,"parent":0,"menu_order":0,"comment_status":"open","ping_status":"closed","template":"","meta":{"_mi_skip_tracking":false,"_monsterinsights_sitenote_active":false,"_monsterinsights_sitenote_note":"","_monsterinsights_sitenote_category":0},"aioseo_notices":[],"_links":{"self":[{"href":"https:\/\/csf.ensma.fr\/index.php?rest_route=\/wp\/v2\/pages\/412"}],"collection":[{"href":"https:\/\/csf.ensma.fr\/index.php?rest_route=\/wp\/v2\/pages"}],"about":[{"href":"https:\/\/csf.ensma.fr\/index.php?rest_route=\/wp\/v2\/types\/page"}],"author":[{"embeddable":true,"href":"https:\/\/csf.ensma.fr\/index.php?rest_route=\/wp\/v2\/users\/2"}],"replies":[{"embeddable":true,"href":"https:\/\/csf.ensma.fr\/index.php?rest_route=%2Fwp%2Fv2%2Fcomments&post=412"}],"version-history":[{"count":19,"href":"https:\/\/csf.ensma.fr\/index.php?rest_route=\/wp\/v2\/pages\/412\/revisions"}],"predecessor-version":[{"id":1034,"href":"https:\/\/csf.ensma.fr\/index.php?rest_route=\/wp\/v2\/pages\/412\/revisions\/1034"}],"wp:attachment":[{"href":"https:\/\/csf.ensma.fr\/index.php?rest_route=%2Fwp%2Fv2%2Fmedia&parent=412"}],"curies":[{"name":"wp","href":"https:\/\/api.w.org\/{rel}","templated":true}]}}