{"id":764,"date":"2020-05-07T00:11:26","date_gmt":"2020-05-06T22:11:26","guid":{"rendered":"https:\/\/csf.ensma.fr\/?page_id=764"},"modified":"2020-05-24T13:36:47","modified_gmt":"2020-05-24T11:36:47","slug":"collecte","status":"publish","type":"page","link":"https:\/\/csf.ensma.fr\/?page_id=764","title":{"rendered":"Collecte"},"content":{"rendered":"\n<p>Dans les domaines \u00e9ducatifs, sanitaires et agricoles l\u2019un des principaux probl\u00e8mes auxquels les populations se confrontent est le manque mat\u00e9riel :&nbsp;<\/p>\n\n\n\n<p>&#8211; Le coll\u00e8ge et l\u2019\u00e9cole primaire de Boulal ont besoin de fournitures, d\u2019ordinateurs, d\u2019imprimantes, de manuels scolaires, d\u2019outils p\u00e9dagogiques (cartes de g\u00e9ographie, mat\u00e9riel scientifique, etc.) ;&nbsp;<\/p>\n\n\n\n<p>&#8211; Le poste de sant\u00e9 a besoin d\u2019\u00e9quipements m\u00e9dicaux de base (thermom\u00e8tre, gants, masques chirurgicaux, etc) et d\u2019un \u00e9chographe ;&nbsp;<\/p>\n\n\n\n<p>-La coop\u00e9rative mara\u00eech\u00e8re des femmes du village a besoin d\u2019\u00e9quipements agricoles de base (pelles, r\u00e2teaux, fourches, brouettes, gants, etc.).&nbsp;<\/p>\n\n\n\n<p>Nous esp\u00e9rons r\u00e9aliser plusieurs collectes et solliciter la participation du plus grand nombre pour l\u2019accomplissement de cette mission.&nbsp;<\/p>\n\n\n\n<p>Nous comptons aussi sur votre g\u00e9n\u00e9rosit\u00e9, vos contacts, vos id\u00e9es pour nous soutenir. Alors n\u2019h\u00e9sitez pas \u00e0 nous contacter pour de plus amples informations, soit par l\u2019interm\u00e9diaire du Club Sans Fronti\u00e8res, soit directement via le mail de l\u2019association d\u00e9di\u00e9e \u00e0 ce projet : <a href=\"mailto:asso.adia@gmail.com\">asso.adia@gmail.com\u00a0<\/a><\/p>\n\n\n\n<div style=\"height:20px\" aria-hidden=\"true\" class=\"wp-block-spacer\"><\/div>\n\n\n\n<hr class=\"wp-block-separator\"\/>\n\n\n\n<p>Retrouvez aussi le reste du projet :<\/p>\n\n\n\n<ul><li><a href=\"https:\/\/csf.ensma.fr\/?page_id=137\">Le projet<\/a><\/li><li><a href=\"https:\/\/csf.ensma.fr\/?page_id=762\">Syst\u00e8me de stockage laitier<\/a><\/li><li><a href=\"https:\/\/csf.ensma.fr\/?page_id=313\">\u00c9oliennes individuelles<\/a><\/li><li><a href=\"https:\/\/csf.ensma.fr\/?page_id=768\">R\u00e9seau hydraulique<\/a><\/li><li><a href=\"https:\/\/csf.ensma.fr\/?page_id=774\">Activit\u00e9s p\u00e9dagogiques<\/a><\/li><li><a href=\"https:\/\/csf.ensma.fr\/?page_id=772\">Mara\u00eechage<\/a><\/li><\/ul>\n\n\n\n<hr class=\"wp-block-separator\"\/>\n","protected":false},"excerpt":{"rendered":"<p>Dans les domaines \u00e9ducatifs, sanitaires et agricoles l\u2019un des principaux probl\u00e8mes auxquels les populations se confrontent est le manque mat\u00e9riel :&nbsp; &#8211; Le coll\u00e8ge et l\u2019\u00e9cole primaire de Boulal ont besoin de fournitures, d\u2019ordinateurs, d\u2019imprimantes, de manuels scolaires, d\u2019outils p\u00e9dagogiques <a class=\"more-link\" href=\"https:\/\/csf.ensma.fr\/?page_id=764\">En savoir plus&#8230;<\/a><\/p>\n","protected":false},"author":10,"featured_media":0,"parent":0,"menu_order":0,"comment_status":"open","ping_status":"closed","template":"","meta":{"_mi_skip_tracking":false,"_monsterinsights_sitenote_active":false,"_monsterinsights_sitenote_note":"","_monsterinsights_sitenote_category":0},"aioseo_notices":[],"_links":{"self":[{"href":"https:\/\/csf.ensma.fr\/index.php?rest_route=\/wp\/v2\/pages\/764"}],"collection":[{"href":"https:\/\/csf.ensma.fr\/index.php?rest_route=\/wp\/v2\/pages"}],"about":[{"href":"https:\/\/csf.ensma.fr\/index.php?rest_route=\/wp\/v2\/types\/page"}],"author":[{"embeddable":true,"href":"https:\/\/csf.ensma.fr\/index.php?rest_route=\/wp\/v2\/users\/10"}],"replies":[{"embeddable":true,"href":"https:\/\/csf.ensma.fr\/index.php?rest_route=%2Fwp%2Fv2%2Fcomments&post=764"}],"version-history":[{"count":3,"href":"https:\/\/csf.ensma.fr\/index.php?rest_route=\/wp\/v2\/pages\/764\/revisions"}],"predecessor-version":[{"id":918,"href":"https:\/\/csf.ensma.fr\/index.php?rest_route=\/wp\/v2\/pages\/764\/revisions\/918"}],"wp:attachment":[{"href":"https:\/\/csf.ensma.fr\/index.php?rest_route=%2Fwp%2Fv2%2Fmedia&parent=764"}],"curies":[{"name":"wp","href":"https:\/\/api.w.org\/{rel}","templated":true}]}}