{"id":776,"date":"2020-05-07T00:16:02","date_gmt":"2020-05-06T22:16:02","guid":{"rendered":"https:\/\/csf.ensma.fr\/?page_id=776"},"modified":"2020-05-24T13:37:22","modified_gmt":"2020-05-24T11:37:22","slug":"nos-collaborateurs","status":"publish","type":"page","link":"https:\/\/csf.ensma.fr\/?page_id=776","title":{"rendered":"Nos collaborateurs"},"content":{"rendered":"\n<h2 class=\"wp-block-heading\"><strong>Ecole Polytechnique de Thi\u00e8s<\/strong><\/h2>\n\n\n\n<div class=\"wp-block-image\"><figure class=\"alignleft size-large is-resized\"><img decoding=\"async\" loading=\"lazy\" src=\"https:\/\/csf.ensma.fr\/wp-content\/uploads\/2020\/05\/Thies.png\" alt=\"\" class=\"wp-image-933\" width=\"182\" height=\"89\" srcset=\"https:\/\/csf.ensma.fr\/wp-content\/uploads\/2020\/05\/Thies.png 320w, https:\/\/csf.ensma.fr\/wp-content\/uploads\/2020\/05\/Thies-300x147.png 300w\" sizes=\"(max-width: 182px) 100vw, 182px\" \/><\/figure><\/div>\n\n\n\n<p>Ecole d\u2019ing\u00e9nieur situ\u00e9 \u00e0 Thi\u00e8s, grande ville s\u00e9n\u00e9galaise situ\u00e9e \u00e0 quelques dizaines de kilom\u00e8tres de Dakar, elle forme des sp\u00e9cialistes dans les domaines du g\u00e9nie civil, \u00e9lectrom\u00e9canique,\u00a0 informatique et t\u00e9l\u00e9communications.<\/p>\n\n\n\n<p>Cette collaboration internationale a beaucoup de sens \u00e0 nos yeux, d\u2019autant que les \u00e9tudiants de l\u2019\u00e9cole de Thi\u00e8s ont l\u2019habitude de mettre en place des projets d\u2019aide au d\u00e9veloppement. Ils ont donc une connaissance du terrain bien plus accrue que la notre, ce qui est un atout majeur pour la r\u00e9ussite d\u2019un projet comme celui que nous voulons mettre en place.<\/p>\n\n\n\n<p>Nous avons eu la chance de rencontrer deux \u00e9tudiantes du groupe d\u2019\u00e9l\u00e8ves travaillant avec nous par correspondance ainsi que le directeur de l\u2019\u00e9cole lors de notre s\u00e9jour au S\u00e9n\u00e9gal. Tous ont l\u2019air tr\u00e8s motiv\u00e9s pour nous aider \u00e0 faire bouger les lignes, et il en va de m\u00eame pour les autres \u00e9l\u00e8ves.&nbsp;<\/p>\n\n\n\n<p>Les principaux points de notre collaboration sont pour le moment <a href=\"https:\/\/csf.ensma.fr\/?page_id=774\" target=\"_blank\" rel=\"noreferrer noopener\">les activit\u00e9s p\u00e9dagogiques<\/a> et <a href=\"https:\/\/csf.ensma.fr\/?page_id=768\" target=\"_blank\" rel=\"noreferrer noopener\">le r\u00e9seau hydraulique<\/a>.<\/p>\n\n\n\n<div style=\"height:40px\" aria-hidden=\"true\" class=\"wp-block-spacer\"><\/div>\n\n\n\n<h2 class=\"wp-block-heading\"><strong>Ing\u00e9nieurs Sans Fronti\u00e8res, Bordeaux Sciences Agro<\/strong><\/h2>\n\n\n\n<div class=\"wp-block-image\"><figure class=\"alignleft size-large is-resized\"><img decoding=\"async\" loading=\"lazy\" src=\"https:\/\/csf.ensma.fr\/wp-content\/uploads\/2020\/05\/ISF-Bdx.png\" alt=\"\" class=\"wp-image-934\" width=\"136\" height=\"136\" srcset=\"https:\/\/csf.ensma.fr\/wp-content\/uploads\/2020\/05\/ISF-Bdx.png 225w, https:\/\/csf.ensma.fr\/wp-content\/uploads\/2020\/05\/ISF-Bdx-150x150.png 150w\" sizes=\"(max-width: 136px) 100vw, 136px\" \/><\/figure><\/div>\n\n\n\n<p>Association humanitaire de l\u2019\u00e9cole Bordeaux Sciences Agro, Ing\u00e9nieurs Sans Fronti\u00e8res regroupe des \u00e9tudiants ayant \u00e0 c\u0153ur de mettre leur connaissance en agronomie au profit du plus grand nombre. Ils m\u00e8nent d\u00e9j\u00e0 beaucoup de projets locaux, et voulaient trouver une mission \u00e0 l\u2019internationale dans laquelle ils puissent partager leurs valeurs.<\/p>\n\n\n\n<p>Voil\u00e0 pourquoi ils ont accept\u00e9 volontiers notre demande d\u2019aide pour appuyer l\u2019association des femmes dans <a rel=\"noreferrer noopener\" href=\"https:\/\/csf.ensma.fr\/?page_id=772\" target=\"_blank\">leur tentative de mara\u00eechage<\/a>. Leur r\u00f4le dans ce projet sera de proposer aux villageoises un plan agricole de d\u00e9veloppement sur quelques ann\u00e9es, afin d\u2019offrir \u00e0 leur exploitation le meilleur rendement possible.\u00a0<\/p>\n\n\n\n<p>Nous, \u00e9tudiants de l\u2019ENSMA, pourrions \u00eatre amener \u00e0 les soutenir dans la mise en place de technologies, comme par exemple syst\u00e8me d\u2019irrigation. Nous tenons \u00e0 les remercier pour leur int\u00e9gration dans ce projet, nous offrant ainsi des comp\u00e9tences que nous n\u2019avions pas, pourtant essentielles pour le d\u00e9veloppement de la communaut\u00e9.<\/p>\n","protected":false},"excerpt":{"rendered":"<p>Ecole Polytechnique de Thi\u00e8s Ecole d\u2019ing\u00e9nieur situ\u00e9 \u00e0 Thi\u00e8s, grande ville s\u00e9n\u00e9galaise situ\u00e9e \u00e0 quelques dizaines de kilom\u00e8tres de Dakar, elle forme des sp\u00e9cialistes dans les domaines du g\u00e9nie civil, \u00e9lectrom\u00e9canique,\u00a0 informatique et t\u00e9l\u00e9communications. Cette collaboration internationale a beaucoup de <a class=\"more-link\" href=\"https:\/\/csf.ensma.fr\/?page_id=776\">En savoir plus&#8230;<\/a><\/p>\n","protected":false},"author":10,"featured_media":0,"parent":0,"menu_order":0,"comment_status":"open","ping_status":"closed","template":"","meta":{"_mi_skip_tracking":false,"_monsterinsights_sitenote_active":false,"_monsterinsights_sitenote_note":"","_monsterinsights_sitenote_category":0},"aioseo_notices":[],"_links":{"self":[{"href":"https:\/\/csf.ensma.fr\/index.php?rest_route=\/wp\/v2\/pages\/776"}],"collection":[{"href":"https:\/\/csf.ensma.fr\/index.php?rest_route=\/wp\/v2\/pages"}],"about":[{"href":"https:\/\/csf.ensma.fr\/index.php?rest_route=\/wp\/v2\/types\/page"}],"author":[{"embeddable":true,"href":"https:\/\/csf.ensma.fr\/index.php?rest_route=\/wp\/v2\/users\/10"}],"replies":[{"embeddable":true,"href":"https:\/\/csf.ensma.fr\/index.php?rest_route=%2Fwp%2Fv2%2Fcomments&post=776"}],"version-history":[{"count":4,"href":"https:\/\/csf.ensma.fr\/index.php?rest_route=\/wp\/v2\/pages\/776\/revisions"}],"predecessor-version":[{"id":936,"href":"https:\/\/csf.ensma.fr\/index.php?rest_route=\/wp\/v2\/pages\/776\/revisions\/936"}],"wp:attachment":[{"href":"https:\/\/csf.ensma.fr\/index.php?rest_route=%2Fwp%2Fv2%2Fmedia&parent=776"}],"curies":[{"name":"wp","href":"https:\/\/api.w.org\/{rel}","templated":true}]}}