{"id":78,"date":"2019-09-06T17:24:51","date_gmt":"2019-09-06T15:24:51","guid":{"rendered":"https:\/\/csf.ensma.fr\/?page_id=78"},"modified":"2022-08-15T11:28:37","modified_gmt":"2022-08-15T09:28:37","slug":"paniers-de-legumes","status":"publish","type":"page","link":"https:\/\/csf.ensma.fr\/?page_id=78","title":{"rendered":"Paniers de l\u00e9gumes"},"content":{"rendered":"<div class=\"wp-block-image\">\n<figure class=\"alignright size-large is-resized\"><img decoding=\"async\" loading=\"lazy\" src=\"https:\/\/csf.ensma.fr\/wp-content\/uploads\/2020\/05\/89343029_2748370838719986_995491973747965952_o-1-1024x576.jpg\" alt=\"\" class=\"wp-image-868\" width=\"254\" height=\"142\" srcset=\"https:\/\/csf.ensma.fr\/wp-content\/uploads\/2020\/05\/89343029_2748370838719986_995491973747965952_o-1-1024x576.jpg 1024w, https:\/\/csf.ensma.fr\/wp-content\/uploads\/2020\/05\/89343029_2748370838719986_995491973747965952_o-1-300x169.jpg 300w, https:\/\/csf.ensma.fr\/wp-content\/uploads\/2020\/05\/89343029_2748370838719986_995491973747965952_o-1-768x432.jpg 768w, https:\/\/csf.ensma.fr\/wp-content\/uploads\/2020\/05\/89343029_2748370838719986_995491973747965952_o-1-1536x864.jpg 1536w, https:\/\/csf.ensma.fr\/wp-content\/uploads\/2020\/05\/89343029_2748370838719986_995491973747965952_o-1.jpg 2048w\" sizes=\"(max-width: 254px) 100vw, 254px\" \/><\/figure><\/div>\n\n\n<p class=\"has-normal-font-size\">Jusqu&#8217;\u00e0 l&#8217;ann\u00e9e 2020, le CSF travaillait avec l&#8217;AMAP Bio Local afin de proposer aux \u00e9tudiants des fruits et l\u00e9gumes de qualit\u00e9 et de saison. Nous esp\u00e9rons dans le futur pouvoir \u00e9galement les sensibiliser \u00e0 l&#8217;importance de revoir notre fa\u00e7on de consommer et de se reconnecter aux producteurs locaux en achetant des produits issu de l&#8217;agriculture biologique. Nous sommes actuellement \u00e0 la recherche d&#8217;une nouvelle AMAP capable de nous aider dans notre d\u00e9marche.<\/p>\n\n\n\n<p class=\"has-normal-font-size\">Notre ancienne correspondante Bio Local r\u00e9cup\u00e9rait les fruits et l\u00e9gumes chez diff\u00e9rents agriculteurs de la r\u00e9gion puis les livre \u00e0 l\u2019ENSMA. En plus de ces paniers, des suppl\u00e9ments sont disponibles \u00e0 l\u2019ann\u00e9e tels que des \u0153ufs, des pommes de terre, du jus de pomme, du pain etc..<\/p>\n\n\n\n<p>Il \u00e9tait possible de r\u00e9cup\u00e9rer les paniers dans le Foyer Etudiant de l&#8217;\u00e9cole.<\/p>\n\n\n\n<hr class=\"wp-block-separator has-css-opacity\"\/>\n\n\n\n<h2 class=\"wp-block-heading\">Pourquoi ?<\/h2>\n\n\n\n<p class=\"has-normal-font-size\">A l&#8217;heure o\u00f9 de plus en plus de personnes repensent leur mani\u00e8re de consommer, la question du bio et du local revient sur la table. Retrouver une alimentation plus saine et b\u00e9n\u00e9fique aux producteurs fran\u00e7ais est devenu primordial pour beaucoup. C&#8217;est pourquoi certains se tournent vers des AMAP.<\/p>\n\n\n\n<h2 class=\"wp-block-heading\">Qu&#8217;est-ce qu&#8217;une AMAP ?<\/h2>\n\n\n\n<p class=\"has-normal-font-size\">Une AMAP, acronyme de Association pour le Maintien d&#8217;une Agriculture Paysanne, est une association qui vend des paniers de produits frais provenant directement du producteur via des points relais. Elles s&#8217;inscrivent dans une d\u00e9marche d&#8217;agriculture \u00e9quitable pour les consommateurs et les producteurs, et \u00e9cologiquement saine et durable. Les paniers sont compos\u00e9s en fonction des r\u00e9coltes des producteurs, donc selon la saison. Ils varient aussi g\u00e9n\u00e9ralement d&#8217;une semaine \u00e0 l&#8217;autre.<\/p>\n\n\n\n<h2 class=\"wp-block-heading\">Localisation des producteurs de Bio Local<\/h2>\n\n\n\n<p>Notre ancien contact Bio Local travaillait en partenariat avec de nombreux agriculteurs de la r\u00e9gion : <\/p>\n\n\n<div class=\"wp-block-image\">\n<figure class=\"aligncenter is-resized\"><img decoding=\"async\" loading=\"lazy\" src=\"https:\/\/csf.ensma.fr\/wp-content\/uploads\/2020\/04\/producteurs.svg_-1.png\" alt=\"\" class=\"wp-image-694\" width=\"414\" height=\"257\" srcset=\"https:\/\/csf.ensma.fr\/wp-content\/uploads\/2020\/04\/producteurs.svg_-1.png 1968w, https:\/\/csf.ensma.fr\/wp-content\/uploads\/2020\/04\/producteurs.svg_-1-300x187.png 300w, https:\/\/csf.ensma.fr\/wp-content\/uploads\/2020\/04\/producteurs.svg_-1-1024x639.png 1024w, https:\/\/csf.ensma.fr\/wp-content\/uploads\/2020\/04\/producteurs.svg_-1-768x479.png 768w, https:\/\/csf.ensma.fr\/wp-content\/uploads\/2020\/04\/producteurs.svg_-1-1536x958.png 1536w\" sizes=\"(max-width: 414px) 100vw, 414px\" \/><\/figure><\/div>\n\n<div class=\"wp-block-image\">\n<figure class=\"aligncenter is-resized\"><img decoding=\"async\" loading=\"lazy\" src=\"https:\/\/csf.ensma.fr\/wp-content\/uploads\/2020\/04\/localisation-producteurs.png\" alt=\"\" class=\"wp-image-689\" width=\"339\" height=\"271\" srcset=\"https:\/\/csf.ensma.fr\/wp-content\/uploads\/2020\/04\/localisation-producteurs.png 496w, https:\/\/csf.ensma.fr\/wp-content\/uploads\/2020\/04\/localisation-producteurs-300x240.png 300w\" sizes=\"(max-width: 339px) 100vw, 339px\" \/><\/figure><\/div>\n\n\n<hr class=\"wp-block-separator has-css-opacity\"\/>\n\n\n\n<p>Nous esp\u00e9rons dans le futur pouvoir recommencer un tel partenariat afin de proposer aux \u00e9tudiants de l&#8217;ISAE Ensma d&#8217;aider nos producteurs locaux.<\/p>\n\n\n\n<h2 class=\"wp-block-heading\">Que contiennent les paniers ?<\/h2>\n\n\n\n<p class=\"has-normal-font-size\">Voici un petit exemple de ce que pouvait proposer dans le pass\u00e9 notre partenariat avec Bio Local.<\/p>\n\n\n\n<p class=\"has-normal-font-size\">Les paniers \u00e9taient propos\u00e9s sous plusieurs formats :<\/p>\n\n\n\n<ul><li>Petit : 6,50\u20ac<\/li><li>Grand : 10\u20ac<\/li><\/ul>\n\n\n\n<p class=\"has-normal-font-size\">Ils contenaient en fonction de la saison : Poires, Pommes, Part de Chou Rouge, Lentilles, Pommes de Terres.<\/p>\n\n\n\n<p class=\"has-normal-font-size\">En plus du contenu minimum, on pouvait y ajouter en suppl\u00e9ment :<\/p>\n\n\n\n<ul><li>Poires : 1,80\u20ac \/ 500g<\/li><li>Kiwis : 2,70\u20ac \/500g<\/li><li>Pommes : 1,50\u20ac \/ 500g<\/li><li>Pommes de terres : 1,10\u20ac \/ 500g<\/li><li>Poireaux : 1,80\u20ac \/ 500g<\/li><li>Carottes : 1,70\u20ac \/ 500g<\/li><li>Butternut : 1,70\u20ac \/ 500g<\/li><li>Radis noir : 1,70\u20ac \/ 500g<\/li><li>Salade : 1,40\u20ac \/ 500g<\/li><li>Oignons : 1,80\u20ac \/ 500g<\/li><li>Oeufs (x6) : 2,30\u20ac<\/li><li>Jus de pomme (1L) : 2,90\u20ac<\/li><li>Demi pain nature : 2,80\u20ac<\/li><li>Demi pain multigraines : 3\u20ac<\/li><li>Demi pain raisins noisettes : 3,70\u20ac<\/li><li>Brioche farine semi compl\u00e8te 6,60\u20ac<\/li><li>Pain burger : 0,90\u20ac<\/li><li>Muffin : 0,90\u20ac<\/li><\/ul>\n","protected":false},"excerpt":{"rendered":"<p>Jusqu&#8217;\u00e0 l&#8217;ann\u00e9e 2020, le CSF travaillait avec l&#8217;AMAP Bio Local afin de proposer aux \u00e9tudiants des fruits et l\u00e9gumes de qualit\u00e9 et de saison. Nous esp\u00e9rons dans le futur pouvoir \u00e9galement les sensibiliser \u00e0 l&#8217;importance de revoir notre fa\u00e7on de <a class=\"more-link\" href=\"https:\/\/csf.ensma.fr\/?page_id=78\">En savoir plus&#8230;<\/a><\/p>\n","protected":false},"author":1,"featured_media":868,"parent":0,"menu_order":0,"comment_status":"open","ping_status":"closed","template":"","meta":{"_mi_skip_tracking":false,"_monsterinsights_sitenote_active":false,"_monsterinsights_sitenote_note":"","_monsterinsights_sitenote_category":0},"aioseo_notices":[],"_links":{"self":[{"href":"https:\/\/csf.ensma.fr\/index.php?rest_route=\/wp\/v2\/pages\/78"}],"collection":[{"href":"https:\/\/csf.ensma.fr\/index.php?rest_route=\/wp\/v2\/pages"}],"about":[{"href":"https:\/\/csf.ensma.fr\/index.php?rest_route=\/wp\/v2\/types\/page"}],"author":[{"embeddable":true,"href":"https:\/\/csf.ensma.fr\/index.php?rest_route=\/wp\/v2\/users\/1"}],"replies":[{"embeddable":true,"href":"https:\/\/csf.ensma.fr\/index.php?rest_route=%2Fwp%2Fv2%2Fcomments&post=78"}],"version-history":[{"count":33,"href":"https:\/\/csf.ensma.fr\/index.php?rest_route=\/wp\/v2\/pages\/78\/revisions"}],"predecessor-version":[{"id":1838,"href":"https:\/\/csf.ensma.fr\/index.php?rest_route=\/wp\/v2\/pages\/78\/revisions\/1838"}],"wp:featuredmedia":[{"embeddable":true,"href":"https:\/\/csf.ensma.fr\/index.php?rest_route=\/wp\/v2\/media\/868"}],"wp:attachment":[{"href":"https:\/\/csf.ensma.fr\/index.php?rest_route=%2Fwp%2Fv2%2Fmedia&parent=78"}],"curies":[{"name":"wp","href":"https:\/\/api.w.org\/{rel}","templated":true}]}}